y - 5570 = 2130. What is the hundreds digit of y?
5
Suppose -4*f = 4*b - 144 + 48, -4*b = -5*f - 132. Suppose -4*c = -5*c - 5*y - b, -40 = 3*c + 4*y. What is the tens digit of (1 - 3)/(c/124)?
3
Let a(m) = 8*m + 23. Let d(j) = 16*j + 45. Suppose 10 = 3*u + 2*u + 5*n, -2*u = -4*n - 28. Let w(v) = u*d(v) - 13*a(v). What is the units digit of w(-12)?
7
What is the units digit of 2/10 - (30597/(-15) - -3)?
7
Let q(y) = y**3 + 8*y**2 + 3*y - 5. Let f be q(-4). Let v = f + -9. Suppose -123 = -5*a - v. What is the units digit of a?
7
Let v(z) = -3*z - 58. Let l be v(-20). Suppose 2*s - 36 = 4*t, -l*t - 8 = -4*s + 34. What is the units digit of s?
8
Suppose 28*g - 10182 = 1242. What is the tens digit of g?
0
Suppose 10*o + 9441 = 28501. What is the hundreds digit of o?
9
What is the tens digit of 1 + 835 - (-3 - 0)?
3
Let z(a) = 14*a + 9. Let d be z(9). Let h = d - -36. What is the hundreds digit of h?
1
Let m(c) = -34 + 17 + 20 - 4*c. Suppose 0*v - 28 = 4*v - 4*p, 3*v = -p - 21. What is the units digit of m(v)?
1
Let l(c) = -c**3 - 7*c**2 - 2*c + 1. Let y be (1/((-4)/28))/(-1). Suppose -w + y = -f, 2*w = 5*f - 2*w + 35. What is the units digit of l(f)?
5
Suppose 2*d + 1108 = -3*u + 2844, -2*d = -4*u - 1722. What is the units digit of d?
5
Let t be (-15)/(-5) + -1*1. Suppose t*h - d - 52 = -2*d, -3*d + 26 = h. What is the tens digit of h?
2
Suppose 2*p = 3*q - 571, 0 = -3*q - 2*p + 110 + 465. What is the hundreds digit of q?
1
Suppose 0 = 3*x - 4*y - 14713, 4*x + y = -0*x + 19611. What is the units digit of x?
3
Let m(l) = -l**2 + 27*l + 57. Let c be m(-2). Let i(t) = -18*t + 3*t - 8*t. What is the tens digit of i(c)?
2
Let r = 26 - 4. Let b = r + -1. What is the tens digit of b?
2
Let f = 1 - -1. Suppose 4*c = -n + 112, f*n - 4*c - 304 = -n. What is the hundreds digit of n?
1
Suppose -13*l = -33*l + 1980. What is the units digit of l?
9
Let h(c) = 15*c**2 - 52*c - 35. What is the units digit of h(-8)?
1
Let j(f) = 5*f**2 - 27*f + 39. What is the thousands digit of j(-17)?
1
Let g(l) = 12*l**2 - 2*l - 2. Let u be g(-4). Suppose 0 = 3*z + j - 250, -j - 44 = -3*z + u. What is the tens digit of z?
8
Suppose 436 - 1921 = -3*x. What is the units digit of x?
5
Let y(f) = -2*f**2 - 33*f + 15. Let u be y(-17). Let k(i) = i**3 + 6*i**2 + i - 2. Let o be k(-5). Let z = u + o. What is the units digit of z?
6
Suppose -1 = -2*i - y, 2*i - 26 = -0*y + 4*y. Suppose -5*u = 5*h - 310, 35 - 278 = -4*u - i*h. What is the units digit of u?
7
Suppose -139 = -4*r - 5*l, 5*r + 6*l = l + 180. What is the units digit of r?
1
Let n(w) = -5*w + 20. Let c be n(6). Let x = -8 + c. What is the units digit of x/(-30) - (-464)/10?
7
What is the tens digit of (2 + -4)*1/((-2)/251)?
5
Let u be (24/(-18))/((-2)/3). Let w(p) = p**2 + 2*p - 3. Let n be w(u). Suppose j - 107 = -n*l, -l + 4 + 7 = -5*j. What is the tens digit of l?
2
Let c be 6/(-5)*(-5)/3. Suppose -c*x + 2*b + 49 + 29 = 0, -64 = -2*x - 5*b. What is the tens digit of x?
3
Let z(h) = -h - 1. Let r be z(0). Let w be 2 + r + (0 - -1). Suppose -2*x = 0, 0 = -0*t - t - w*x + 6. What is the units digit of t?
6
Suppose -19 = -3*c - 172. Let d = 110 + c. What is the units digit of d?
9
Let c = 89 + 24. Suppose 4*g - 2*d = g + c, -d - 77 = -2*g. What is the units digit of g?
1
Let k = 18 - 23. Let s(i) = -29*i - 38. Let y(z) = 10*z + 13. Let g(u) = 6*s(u) + 17*y(u). What is the tens digit of g(k)?
1
Let x(b) be the first derivative of -2*b**2 + 33*b - 16. What is the units digit of x(8)?
1
Let k be ((-28)/(-35))/(2/110). Let c be (0 - k)/(1 + -3). Suppose d - 19 = -x, d + 4*x + c = 4*d. What is the units digit of d?
4
Suppose -5*f = 23 + 7. Let t(k) = 4*k - 1. Let y be t(1). What is the units digit of (f/(-4))/(y/6)?
3
Suppose 7*y = 2*y + 3*b - 9, -y = -2*b + 6. Suppose 0 = -3*g - 3*q + 3, -4*q - q = -3*g + 27. Suppose y = g*c - 86 + 6. What is the tens digit of c?
2
Suppose -7*v = -11*v + 24. Suppose -v + 50 = -4*g. Let w(j) = -4*j - 13. What is the tens digit of w(g)?
3
Let d(n) = 158*n + 12. Let b be d(-6). What is the tens digit of 2*-1 - b/13?
7
Let a be (-4)/(-6) - (-16)/12. Suppose a*c = 13 + 51. What is the tens digit of c?
3
Suppose 0 = -5*a - 5*f + 600, 5*a + 2*f - 360 = 2*a. What is the tens digit of a?
2
Suppose 5*c = 19 + 1. Suppose -3*t - a + 179 = 0, -139 = -c*t - 4*a + 89. What is the units digit of t?
1
Let z(a) = a**3 + 3*a**2 - 2*a. Let x be z(-3). Suppose -s - 2*l - 69 = -x*s, 4*s - 2*l = 56. What is the tens digit of s?
1
Let u(q) be the second derivative of q**4/4 - q**3/3 + q**2/2 - 2*q. Let c be u(1). Suppose -c*a = -6*a + 124. What is the tens digit of a?
3
Suppose 79788 - 10950 = 21*r. What is the thousands digit of r?
3
Let r(c) = -c**2 - 5*c + 6. Let q be r(-5). Suppose 4*a + 256 = 4*d, q*a = -4*d + a + 247. What is the units digit of d?
3
Let w(r) = 4*r**2 - 16*r + 482. What is the units digit of w(28)?
0
Suppose 13*k - 4567 = 4715. What is the hundreds digit of k?
7
What is the thousands digit of 1581/(3/6 - 0)?
3
Let i = -69 + 204. Suppose 3*a + 2*h = 140, a - 4*a - 3*h + i = 0. What is the tens digit of a?
5
Let x(k) = 105*k**3 - 2*k**2 + 9*k - 12. What is the hundreds digit of x(2)?
8
Let r(j) = j**3 - 7*j**2 + 8*j - 7. Let g be r(6). Suppose g*k - 453 = -5*d - 43, 4*d - 304 = 2*k. What is the units digit of d?
8
Let j(i) = -4*i + 8. Let w be j(8). Let r be (60/w)/(10/(-8)). Suppose 3*n = -6*k + r*k + 136, 0 = -2*n + k + 76. What is the units digit of n?
0
Let k be -105*(6/10 + (-3)/3). What is the units digit of (-18887)/(-357) - (-4)/k?
3
Suppose 12*s + 132 = 1212. What is the units digit of s?
0
Let d(i) be the second derivative of -i**8/6720 + i**7/420 - i**6/720 - i**4/4 - 7*i. Let b(q) be the third derivative of d(q). What is the tens digit of b(5)?
2
Let a = -11 - -221. Suppose -5*u - 65 + a = 0. What is the tens digit of u?
2
Suppose w + 3*c - 17 = 0, 0 = w - 6*c + 2*c + 18. Suppose f + 20 = -3*i, -w*f + 2*i + 2*i = 40. Let r = -1 - f. What is the units digit of r?
9
Let z(j) be the first derivative of j**4/4 + 2*j**3 + j**2/2 + 8*j + 5. Let k be z(-6). Suppose k*h - 25 - 7 = 0. What is the tens digit of h?
1
Let s = 20 - 18. Suppose -5*o + n + 6 = -2, 5*o + n = s. Let x = 7 - o. What is the units digit of x?
6
Let o(h) = -4*h - 19. Let q be o(-6). Suppose q*a = -4*a + 999. What is the hundreds digit of a?
1
Let s be 4 + (636 - 0/(-3)). Suppose 32 = -4*w + s. What is the hundreds digit of w?
1
Let t(h) = 2 + 22*h - 19*h - 13. Let n be t(5). Suppose 0 = -n*s - 4*r + 68, 2*s + 1 = 5*r + 7. What is the tens digit of s?
1
Suppose 4*n - 10 = 5*k + 13, 3*n - 22 = -k. Let b(q) = -4*q - 13. Let f(v) = -3*v - 12. Let l(x) = -6*b(x) + 7*f(x). What is the units digit of l(n)?
5
Suppose -4*v + 0 = 4, -5*x - 5*v = -35. Let z = -657 + 603. What is the units digit of x/(-14) - z/21?
2
Let m(q) = -q**3 - 11*q**2 - 18*q + 5. Let p be m(-9). Let l(h) = h**2 + 7*h. What is the tens digit of l(p)?
6
Suppose 9*w = -20 - 25. What is the tens digit of 0 + -2 + 148*w/(-10)?
7
Let l = -13 + 14. Suppose 5*d - 14 - l = 0. Suppose -d*c + 55 = -c + 3*s, s = -5. What is the units digit of c?
5
Suppose 3*g + 805 = -2*g. Let c = -115 - g. What is the tens digit of c?
4
Let q(c) = -c**3 - 3*c**2 + 2*c + 890. What is the units digit of q(0)?
0
Suppose 11*t - 8*t = 0. Let n(o) = t - 4*o - 2 + 5*o + 0*o. What is the units digit of n(3)?
1
Let b = 155 - 58. Suppose -7*r = -538 + b. What is the units digit of r?
3
What is the hundreds digit of 1242/5*(-275)/(-165)?
4
Let o be 6098*(-4)/(-56) + (-12)/(-28). What is the hundreds digit of -5 - o*2/(-4)?
2
Let l = -321 + 343. Suppose 5*r - 120 = -4*u, -4*u + 3*u + 55 = -5*r. Let o = u + l. What is the tens digit of o?
5
Suppose -2*x - 1256 = -63*s + 59*s, 3*s - 5*x - 956 = 0. What is the units digit of s?
2
Suppose -u = u + 2. Let x(t) = -4*t + 2. What is the units digit of x(u)?
6
Suppose 0 = -5*r - 5*w - 10, 5*w = r - 0*r + 8. What is the hundreds digit of (r + 76/(-12))/((-12)/198)?
1
Let u = -15 + 31. Let b = -11 + u. Suppose -b*f + 13 = -7. What is the units digit of f?
4
Suppose 40497 = -41*l + 232623. What is the thousands digit of l?
4
Suppose -6*m = -m - 2*c - 2861, -5*m + 2863 = -c. What is the units digit of m?
3
Let c = -97 + 345. What is the tens digit of c?
4
Let l